he ten thousands digit of 433090118?
9
What is the ten thousands digit of 44075604?
7
What is the tens digit of 4912491028?
2
What is the units digit of 140447589?
9
What is the hundred thousands digit of 1356552815?
5
What is the hundred thousands digit of 4403437?
4
What is the thousands digit of 241865937?
5
What is the millions digit of 1044074363?
4
What is the ten thousands digit of 1612920012?
2
What is the hundred millions digit of 2289864972?
2
What is the hundreds digit of 257061148?
1
What is the millions digit of 801150291?
1
What is the ten millions digit of 2510376924?
1
What is the hundred thousands digit of 19123749?
1
What is the thousands digit of 61254425?
4
What is the units digit of 21264612?
2
What is the thousands digit of 1820542554?
2
What is the ten thousands digit of 56819268?
1
What is the tens digit of 1269906185?
8
What is the tens digit of 165549181?
8
What is the ten thousands digit of 1883299?
8
What is the units digit of 677149467?
7
What is the tens digit of 70567656?
5
What is the hundreds digit of 54249496?
4
What is the millions digit of 58248574?
8
What is the thousands digit of 2573718767?
8
What is the ten millions digit of 168081329?
6
What is the hundred millions digit of 575972730?
5
What is the millions digit of 7094723?
7
What is the tens digit of 774732092?
9
What is the ten thousands digit of 72653713?
5
What is the hundred millions digit of 428688657?
4
What is the tens digit of 484462124?
2
What is the tens digit of 380001171?
7
What is the units digit of 134620985?
5
What is the units digit of 487025823?
3
What is the units digit of 32877692?
2
What is the ten thousands digit of 71141768?
4
What is the ten thousands digit of 238830740?
3
What is the tens digit of 3378465217?
1
What is the millions digit of 2677585788?
7
What is the millions digit of 2960334335?
0
What is the ten millions digit of 1407965508?
0
What is the ten millions digit of 525829617?
2
What is the hundreds digit of 281187130?
1
What is the hundreds digit of 51432143?
1
What is the tens digit of 229016522?
2
What is the ten millions digit of 198154192?
9
What is the thousands digit of 544429067?
9
What is the thousands digit of 23405827?
5
What is the billions digit of 3709792899?
3
What is the ten millions digit of 50204977?
5
What is the hundred thousands digit of 138061051?
0
What is the ten millions digit of 24431571?
2
What is the hundreds digit of 6862745?
7
What is the millions digit of 2341731400?
1
What is the ten millions digit of 317023260?
1
What is the hundred millions digit of 160388358?
1
What is the tens digit of 2892318271?
7
What is the hundred millions digit of 841322651?
8
What is the millions digit of 3666503620?
6
What is the ten millions digit of 41104508?
4
What is the thousands digit of 59605584?
5
What is the ten millions digit of 26112065?
2
What is the hundreds digit of 2156308682?
6
What is the ten thousands digit of 147562713?
6
What is the tens digit of 59936916?
1
What is the tens digit of 3643423755?
5
What is the millions digit of 836408384?
6
What is the thousands digit of 13144549?
4
What is the ten millions digit of 1320803704?
2
What is the units digit of 139435301?
1
What is the hundreds digit of 8463799?
7
What is the hundred millions digit of 1306423279?
3
What is the millions digit of 179015857?
9
What is the ten thousands digit of 147238112?
3
What is the ten millions digit of 253133100?
5
What is the units digit of 23515763?
3
What is the units digit of 26390851?
1
What is the ten thousands digit of 17923908?
2
What is the ten millions digit of 710419383?
1
What is the ten thousands digit of 2615914266?
1
What is the hundreds digit of 63747914?
9
What is the thousands digit of 2857093?
7
What is the tens digit of 3806802439?
3
What is the tens digit of 66164602?
0
What is the thousands digit of 1620494355?
4
What is the tens digit of 34388813?
1
What is the billions digit of 1146673027?
1
What is the hundred thousands digit of 58518497?
5
What is the ten millions digit of 10490616?
1
What is the hundred thousands digit of 68496048?
4
What is the hundred millions digit of 162046273?
1
What is the units digit of 60770154?
4
What is the units digit of 172885186?
6
What is the hundreds digit of 34344442?
4
What is the hundreds digit of 7738382?
3
What is the ten thousands digit of 536962995?
6
What is the ten millions digit of 2507526518?
0
What is the hundreds digit of 102899659?
6
What is the hundred thousands digit of 111611963?
6
What is the billions digit of 1496953694?
1
What is the hundred thousands digit of 53233206?
2
What is the ten thousands digit of 3614505706?
0
What is the units digit of 408243863?
3
What is the hundreds digit of 14411094?
0
What is the millions digit of 849699656?
9
What is the hundred millions digit of 740914940?
7
What is the hundreds digit of 48601300?
3
What is the billions digit of 3589684353?
3
What is the ten thousands digit of 308006082?
0
What is the hundred thousands digit of 274999410?
9
What is the ten thousands digit of 2120634497?
3
What is the tens digit of 688878560?
6
What is the hundred thousands digit of 633832946?
8
What is the ten thousands digit of 3296537017?
3
What is the ten thousands digit of 217125123?
2
What is the billions digit of 5143333822?
5
What is the millions digit of 1542713302?
2
What is the hundred millions digit of 357821568?
3
What is the ten thousands digit of 469597346?
9
What is the hundred thousands digit of 26239582?
2
What is the ten millions digit of 1131675296?
3
What is the ten thousands digit of 83373370?
7
What is the tens digit of 59125276?
7
What is the ten thousands digit of 185036690?
3
What is the units digit of 323629554?
4
What is the millions digit of 326897901?
6
What is the hundred millions digit of 714699234?
7
What is the units digit of 14169450?
0
What is the millions digit of 5319649095?
9
What is the ten millions digit of 329805464?
2
What is the billions digit of 5373903620?
5
What is the ten millions digit of 3237724517?
3
What is the hundred thousands digit of 52140503?
1
What is the tens digit of 21644298?
9
What is the hundreds digit of 50437644?
6
What is the millions digit of 2095144024?
5
What is the hundred millions digit of 831300078?
8
What is the tens digit of 218374479?
7
What is the hundred thousands digit of 186005575?
0
What is the millions digit of 2461024433?
1
What is the millions digit of 76510702?
6
What is the millions digit of 46653178?
6
What is the ten thousands digit of 3813273230?
7
What is the tens digit of 1445093005?
0
What is the thousands digit of 84544404?
4
What is the ten thousands digit of 59229440?
2
What is the billions digit of 4843657195?
4
What is the ten millions digit of 61401247?
6
What is the millions digit of 1049473817?
9
What is the tens digit of 968865758?
5
What is the tens digit of 244731504?
0
What is the units digit of 5538299?
9
What is the hundreds digit of 34632808?
8
What is the ten thousands digit of 1091130364?
3
What is the millions digit of 21132489?
1
What is the ten thousands digit of 3682875701?
7
What is the hundred millions digit of 1788212235?
7
What is the tens digit of 184925209?
0
What is the hundred thousands digit of 1387090689?
0
What is the hundreds digit of 602948134?
1
What is the hundred thousands digit of 562865282?
8
What is the tens digit of 503992774?
7
What is the ten thousands digit of 31434274?
3
What is the thousands digit of 81964206?
4
What is the millions digit of 245681500?
5
What is the hundred millions digit of 985543694?
9
What is the ten thousands digit of 10383378?
8
What is the hundreds digit of 231103542?
5
What is the units digit of 294738544?
4
What is the ten millions digit of 7304475511?
0
What is the hundred thousands digit of 6419537240?
5
What is the hundreds digit of 41499841?
8
What is the hundred millions digit of 244969764?
2
What is the tens digit of 1890057019?
1
What is the ten thousands digit of 2349191262?
9
What is the hundred thousands digit of 252545012?
5
What is the ten millions digit of 529818068?
2
What is the ten millions digit of 512212060?
1
What is the thousands digit of 1079593502?
3
What is the hundred millions digit of 129682131?
1
What is the hundreds digit 